 45*l + 1. Give c(-3).
19
Let a(m) = 6*m**2 - 312*m + 66. What is a(52)?
66
Let j(v) = -106*v + 426. Determine j(4).
2
Let n(d) = 2*d**3 + 18*d**2 - 27*d - 74. What is n(-10)?
-4
Let f(h) = 3*h**3 - 6*h + 2. Calculate f(-5).
-343
Let g(z) = -5*z**3 - 92*z**2 - 38*z - 35. Give g(-18).
1
Let f(t) = -t**3 - 30*t**2 + 7*t + 1014. Give f(-29).
-30
Let f(o) = 3*o**2 - 63*o - 544. Give f(-7).
44
Let f(b) = -115*b**2 - 14*b + 11. Calculate f(1).
-118
Let p(m) = 7*m**3 - 176*m**2 + 25*m - 45. Determine p(25).
-45
Let f(p) = p**3 + 33*p**2 + 270*p - 35. Determine f(-19).
-111
Let t(p) = -2*p**3 + 7*p**2 + 92*p + 182. Give t(-3).
23
Let a(w) = -362*w - 5360. Calculate a(-15).
70
Let b(u) = 6583*u + 85544. Determine b(-13).
-35
Let l(z) = -11*z + 39. Give l(3).
6
Let y(x) = -38*x - 2303. What is y(-62)?
53
Let p(o) = -o**3 - 8*o**2 - 31*o - 158. What is p(-7)?
10
Let n(u) = 2*u**3 - 10*u**2 - 25*u + 73. Calculate n(6).
-5
Let a(y) = -34*y**3 + 2*y**2 + 9*y + 6. Determine a(-1).
33
Let p(s) = 23*s - 14. Determine p(10).
216
Let l(i) = -121*i - 616. What is l(-5)?
-11
Let p(d) = -3*d**2 - 138*d - 504. Determine p(-42).
0
Let f(w) = 195*w - 32178. Calculate f(165).
-3
Let x(y) = y + 314. Determine x(28).
342
Let g(v) = 7*v**3 - 28*v**2 + 4*v + 3. What is g(4)?
19
Let z(b) = 2*b**2 + 116*b - 1427. Give z(-67).
-221
Let n(x) = -x + 150. Determine n(33).
117
Let g(o) = -o**3 - 4*o**2 + 253*o - 19. Calculate g(14).
-5
Let l(g) = -11*g + 129. What is l(15)?
-36
Let a(d) = 9*d - 13. Determine a(8).
59
Let j(a) = 152*a + 2862. Determine j(-19).
-26
Let r(q) = 5*q + 150. What is r(-31)?
-5
Let i(h) = 3*h**3 + 5*h**2 + 4*h - 3. What is i(-2)?
-15
Let r(m) = -14*m**2 + 24*m + 79. Give r(-4).
-241
Let l(g) = -3*g - 283. Determine l(-55).
-118
Let k(l) = 2*l**2 + 109*l - 289. Determine k(-57).
-4
Let c(n) = n**2 - 1481*n + 2960. What is c(2)?
2
Let z(l) = 2*l**3 - 3*l**2 - 422*l + 1242. What is z(3)?
3
Let g(q) = 29*q - 15. Calculate g(-5).
-160
Let u(i) = -i**2 + 9*i + 355. What is u(-15)?
-5
Let x(f) = -5*f - 6. Give x(-6).
24
Let s(y) = -y**3 - 12*y**2 + 24*y + 3. Determine s(-13).
-140
Let s(r) = 153*r**2 - 3212*r - 40. Determine s(21).
-19
Let z(m) = 6*m + 441. Determine z(-74).
-3
Let v(o) = 14*o - 233. What is v(19)?
33
Let n(p) = 309*p + 924. What is n(-3)?
-3
Let t(r) = 26*r**2 - 690*r - 333. Determine t(27).
-9
Let o(h) = 6*h**2 + 889*h + 2744. Determine o(-145).
-11
Let s(l) = 39*l**2 - 5*l - 10. Calculate s(-3).
356
Let c(d) = -158*d**2 + 95*d - 94. Calculate c(1).
-157
Let u(z) = -36*z**2 + 157*z - 47. Determine u(4).
5
Let n(y) = -6*y**2 - 67*y - 189. What is n(-3)?
-42
Let a(u) = -88*u + 220. Give a(2).
44
Let i(o) = -o**2 + 33*o + 305. What is i(37)?
157
Let o(a) = 2746*a - 71385. Calculate o(26).
11
Let o(f) = 19*f - 1228. Calculate o(63).
-31
Let o(q) = -6*q**3 - 2*q**2 + 3*q - 2. Determine o(2).
-52
Let r(a) = -2*a**2 + 24*a + 31. Give r(-6).
-185
Let h(n) = 3*n**2 + 13*n - 34. Give h(-15).
446
Let p(f) = 62*f + 744. Give p(-12).
0
Let i(n) = n**3 + 74*n**2 + 180*n - 11384. What is i(-69)?
1
Let d(c) = -33*c + 510. What is d(14)?
48
Let l(n) = -6*n**2 - 609*n + 319. Give l(-102).
13
Let r(l) = -l**2 + 45*l - 419. Give r(18).
67
Let c(r) = 563*r**2 - 2234*r - 83. Determine c(4).
-11
Let t(r) = r**3 - 20*r**2 + 10*r - 225. Give t(20).
-25
Let a(d) = -d**2 + 190*d + 6605. Calculate a(-30).
5
Let q(t) = -32*t + 1983. What is q(62)?
-1
Let z(x) = -x**3 + 29*x**2 - 48*x - 114. Give z(27).
48
Let f(y) = 10035*y - 50191. What is f(5)?
-16
Let u(d) = -252*d + 9323. Give u(37).
-1
Let u(m) = -m**2 - 37*m + 80. Determine u(-40).
-40
Let n(g) = g**3 - 13*g**2 + 20*g - 281. What is n(13)?
-21
Let a(p) = 8*p + 68. Determine a(6).
116
Let i(n) = 72*n**2 - 12*n + 27. What is i(3)?
639
Let m(n) = 181*n + 992. Give m(-6).
-94
Let k(q) = -q**3 + 54*q**2 - 60*q + 112. What is k(53)?
-259
Let t(b) = 71*b + 412. What is t(-6)?
-14
Let g(z) = z**3 - 196*z**2 + 603*z - 4704. Determine g(193).
-72
Let y(a) = -141*a**2 - 5*a - 3. What is y(1)?
-149
Let b(o) = o**3 + 10*o**2 + 5*o - 74. Calculate b(-7).
38
Let o(r) = -2*r**3 - 31*r**2 - 59*r - 4. Determine o(-14).
234
Let h(c) = -42*c - 803. Calculate h(-23).
163
Let l(s) = -s**3 + 11*s**2 + 2. Determine l(11).
2
Let w(o) = 1025*o**2 - 25629*o + 92. What is w(25)?
-8
Let a(f) = -122*f**2 + 361*f - 1. Give a(3).
-16
Let v(b) = 8*b**2 - 47*b - 34. Calculate v(7).
29
Let y(f) = -708*f - 7078. What is y(-10)?
2
Let r(w) = -w**3 - 12*w**2 + 2*w + 26. Calculate r(-12).
2
Let r(n) = -n**3 - 48*n**2 - 100*n - 360. Determine r(-46).
8
Let l(q) = -3*q**2 - 12*q + 398. What is l(-14)?
-22
Let u(x) = 2944*x - 117776. Calculate u(40).
-16
Let k(d) = 5*d**2 + 274*d + 785. What is k(-3)?
8
Let j(s) = -99*s - 1214. Give j(-13).
73
Let n(o) = 2*o**2 + 2*o - 38. Determine n(4).
2
Let z(l) = -6*l**2 + 8*l - 64. Determine z(4).
-128
Let w(p) = -2097*p - 14677. Give w(-7).
2
Let u(d) = -380*d - 133000. Calculate u(-350).
0
Let h(s) = -33*s + 805. What is h(25)?
-20
Let q(s) = -s**2 + 32*s - 235. What is q(17)?
20
Let w(d) = 59*d - 553. What is w(11)?
96
Let r(d) = 4*d**3 + 4*d**2 + 282*d + 281. Calculate r(-1).
-1
Let i(k) = 126*k + 1259. Give i(-10).
-1
Let s(m) = -3*m**2 - 24*m - 25. Calculate s(-2).
11
Let p(w) = -2*w**3 - 28*w**2 + 10*w - 27. Determine p(-14).
-167
Let y(b) = -3*b**2 + 21*b + 881. What is y(-14)?
-1
Let i(c) = -69*c - 12. What is i(-2)?
126
Let x(h) = 34*h + 593. Calculate x(-18).
-19
Let n(r) = -986*r + 77888. What is n(79)?
-6
Let w(l) = 2*l**3 - 49*l**2 - 120*l + 1091. Give w(26).
-1
Let o(g) = 2*g**2 + 3627*g + 18075. Calculate o(-5).
-10
Let u(g) = 1642*g + 24643. Calculate u(-15).
13
Let z(t) = -13*t + 457. What is z(33)?
28
Let w(d) = -d**3 + 6*d + 14. What is w(-3)?
23
Let q(f) = f**3 - 66*f - 33. What is q(0)?
-33
Let l(r) = 37*r**2 + 95*r - 5. Calculate l(-7).
1143
Let c(q) = 20*q + 164. Give c(12).
404
Let m(f) = 19*f - 73. Calculate m(7).
60
Let i(z) = -9*z**3 + 23*z + 52. Calculate i(-3).
226
Let o(f) = 11*f**2 - 913*f - 97. What is o(83)?
-97
Let t(b) = 5*b**2 - 13*b - 130. What is t(-4)?
2
Let u(g) = -26*g**2 - 936*g + 2. What is u(-36)?
2
Let a(i) = -5*i**2 - 92*i - 394. Calculate a(-7).
5
Let j(u) = 7*u**3 - 12*u**2 + 8*u. Calculate j(1).
3
Let t(c) = -51*c - 3520. Determine t(-69).
-1
Let g(x) = 252*x + 727. Determine g(-3).
-29
Let q(r) = 4*r**2 - 151*r - 445. Calculate q(-3).
44
Let x(a) = -3*a**3 - 67*a**2 + 15*a + 818. Determine x(-22).
4
Let w(i) = i**2 + 9*i + 25. What is w(-10)?
35
Let y(b) = b**2 - 883*b - 6221. Give y(-7).
9
Let c(l) = 70*l - 4413. What is c(63)?
-3
Let n(k) = -2*k**2 - 134*k - 1156. What is n(-57)?
-16
Let l(y) = 41*y + 19595. Give l(-478).
-3
Let w(z) = 21*z + 2263. Give w(-105).
58
Let q(n) = n**3 - 4*n**2 + 3*n + 4. What is q(4)?
16
Let c(k) = 14*k**2 + 154*k - 9. What is c(-11)?
-9
Let b(z) = 124*z - 493. Calculate b(3).
-121
Let o(y) = y**3 + 96*y**2 + 276*y - 269. What is o(-93)?
10
Let j(q) = 6*q**3 + 42*q**2 + 26*q + 182. Determine j(-7).
0
Let g(s) = 3*s**3 - 2*s**2 - 5*s + 6. Determine g(3).
54
Let j(z) = -399*z + 3173. Give j(8).
-19
Let q(u) = 15*u - 81. Calculate q(4).
-21
Let a(l) = 9*l - 250. Determine a(21).
-61
Let x(h) = -2*h**2 + 12*h - 58. Determine x(3).
-40
Let x(q) = q**3 + 7*q**2 - 39*q + 240. What is x(-12)?
-12
Let v(g) = -22*g + 187. Determine v(12).
-77
Let o(v) = 18*v**3 + 51*v**2 - 12. What is o(-3)?
-39
Let z(p) = -104*p + 624. Give z(6).
0
Let u(v) = -42*v**3 + 6*v**2 + 8*v + 4. Give u(-3).
1168
Let d(r) = r**3 - 49*r**2 - 59*r + 97. Give d(50).
-353
Let r(u) = -u**2 - 15*u + 3. Calculate r(-14).
17
Let j(k) = 634*k - 20920. Calculate j(33).
2
Let d(q) = -q**3 - 8*q**2 + q + 2. Determine d(-2).
-24
Let f(h) = 4*h**2 + 101*h - 111. Give f(-26).
-33
Let h(r) = -638*r + 33185. Calculate h(52).
9
Let a(c) = c**3 + 68*c**2 + 58*c - 613. What is a(-67)?
-10
Let f(v) = 5*v**2 + 54*v + 20. What is f(-11)?
31
Let q(d) = -7*d - 184. Calculate q(-7).
-135
Let k(q) = 14*q - 152. Give k(11).
2
Let o(m) = -m**3 + 105*m**2 + 558*m + 39. Determine o(-5).
-1
Let r(l) = -2*l**2 + 62*l - 193. Give r(28).
-25
Let s(j) = -2116*j + 10544. Determine s(5).
-36
Let p(v) = v**2 - 19*v - 5. Determine p(11).
-93
Let t(m) = 394*m - 2731. Determine t(7).
27
Let k(t) = 6*t**2 +